 is the units digit of c?
5
Suppose 0 = -172*u + 182*u - 47530. What is the hundreds digit of u?
7
Suppose 2*n + 425 - 2641 = -4*i, n - 2*i = 1096. What is the hundreds digit of n?
1
Let r = 15 + -38. Let a = -9 - r. Suppose 5*i - a = 136. What is the units digit of i?
0
Suppose 3*b - 5369 = -0*b + a, 4*b - 7157 = 3*a. What is the units digit of b?
0
Suppose 940 = -5*d + 7*d - y, 0 = d - 2*y - 464. What is the units digit of d?
2
Let r(p) = 2*p**2 + 64*p - 32. What is the tens digit of r(-35)?
7
Suppose 6*k = 9*k - 105. Suppose k*o = 28*o + 1267. What is the units digit of o?
1
Suppose -47 = 2*b + x + 69, 0 = -x. Let a = 147 + b. What is the units digit of a?
9
Suppose 4*c - 6*c + 8 = 0. Let x = -4 + c. Suppose 2*b - 3 - 1 = x. What is the units digit of b?
2
Let w(v) = v**3 - 17*v**2 - 12*v - 16. Let k be w(18). Suppose -k = -2*o - 4*l, 3*o = -2*l + 7*l + 94. What is the units digit of o?
8
Let w(m) = -6*m + 47. Let f = 60 - 77. What is the tens digit of w(f)?
4
Let j(y) = -y**3 + 14*y**2 - 10*y. Let v be j(13). Let k = v + -7. What is the tens digit of k?
3
Let o be -16 - -6 - (-2 - -1). Suppose -3*w + 2*h = h + 131, -5*w - 217 = -2*h. Let g = o - w. What is the tens digit of g?
3
What is the tens digit of (-2 + -4 - -4) + (320 - 1)?
1
Let d(i) = -13*i + 31. Let f be d(11). Let k = 239 + f. What is the hundreds digit of k?
1
Suppose -21*j = -44*j + 72864. What is the tens digit of j?
6
Let r be 3/(-18) - (-47)/(-6). Let q = r - -14. What is the tens digit of (39/q)/(1/2)?
1
Let m be 5/(-4)*(-12)/10*40. Let q = m - -11. What is the tens digit of q?
7
Let z(j) = j + 9. Let q = 14 - 23. Let w be z(q). Suppose w = -7*s + s + 156. What is the tens digit of s?
2
Suppose -4656 = -5*q - 4*j, 6 = j + 7. What is the units digit of q?
2
Suppose -79*c = -78*c - 981. What is the tens digit of c?
8
Let v = 10 + -4. Suppose 5*z - 36 = -v. Let f(h) = 3*h - 6. What is the units digit of f(z)?
2
Let l be (-22 + 20)/(((-2)/(-4))/(-1)). Suppose 4*z = m + 723, -4*m = l*z + 219 - 927. What is the hundreds digit of z?
1
Let m(t) = -t**3 + 10*t**2 + 11*t + 3. Let k be m(11). Let r = -6 - -24. Suppose 0 = -5*z - k + r. What is the units digit of z?
3
Let z be (20 - 1)/(1/(-2)). Let c = z - -67. What is the tens digit of c?
2
Let b = -35 - -39. Suppose -4*h - 3*m + 182 = 0, 0 = -b*h - h - m + 233. What is the units digit of h?
7
What is the units digit of (-89691)/(-87) + 14/203?
1
Let s(u) = u - 12 + 3*u + u - 4*u. Let r be s(13). Let l(c) = 41*c**2 + c - 1. What is the tens digit of l(r)?
4
Let v = 3747 - 1899. What is the tens digit of v?
4
Suppose -4*g = -8, -7*n + 1756 = -4*n + 2*g. What is the units digit of n?
4
Suppose 25*k - 78 = 28*k. What is the units digit of (-6)/39 + (-108)/k?
4
Let c be -230 - 2 - 10/5. Let g be c/(-72)*(-1 - -5). Let a = -4 + g. What is the units digit of a?
9
Suppose 15 = -3*z, -b = 4*b - 3*z - 220. Suppose -121 = -7*h - 37. Let v = b - h. What is the tens digit of v?
2
Let m = -804 - -301. Let a = -229 - m. What is the hundreds digit of a?
2
Let c = 18 + -15. Suppose c*g = 4*t + 62 + 2, -g - 5*t = -15. What is the units digit of g?
0
What is the tens digit of ((-77)/(-21))/(4/768)?
0
Let z be -1 + 12/14 + 5640/84. Let h(l) = -5*l**2 - 3*l + 1. Let r be h(-3). Let k = z + r. What is the units digit of k?
2
Let h = 1669 + -934. What is the units digit of h?
5
What is the tens digit of ((-320)/56)/(6/(-1533))?
6
Let p = -14 + 16. Suppose 4*c + p = 2*s, -5*s = c + c - 53. Suppose -11 - s = -2*h. What is the tens digit of h?
1
Suppose 0 = -4*l + 5*o + 5, 3*l - 2*o + 0 = 2. Suppose l = 2*b + 4*j - 6 - 86, 152 = 3*b - j. What is the tens digit of b?
5
Let p be (1/1)/(44/(-16) + 3). Suppose -p*n = -5*s + 131, 16 = s - 2*n - 15. What is the tens digit of s?
2
Let k(y) = -2*y + 18. Let w be k(8). Let x be 1 - 5 - w/(-1). What is the units digit of (-4 + 0/x)*-1?
4
Suppose 0 = -3*h + 199 - 13. Suppose -3*c + h = -175. What is the tens digit of c?
7
What is the units digit of -621*-6*(-9)/(-18)?
3
Let y(j) = -j**2 + 14*j - 13. Let c be y(13). Suppose -4*a + 16 = -c*a. Suppose -3*m + 109 = a*d, 4*m - 249 = -3*d - 99. What is the tens digit of m?
3
Let t(j) = 5*j + 9. Let o(k) = -k + 1. Let b(h) = -4*o(h) - t(h). Let d be b(-15). Suppose -2*n = d*n - 8. What is the units digit of n?
2
Suppose 1 = -i, -3*o + i = 40 + 139. Let x be (-45)/o - 3/4. What is the units digit of 1 + (x/1)/(-2)?
1
Suppose -5*g + 8 = -2. What is the tens digit of 121 + (2 - g)/(-4)?
2
Let q(b) = b**3 - 10*b**2 - 4*b + 6. Let h be q(11). Let a = h + -32. Suppose -5*o + 4 = l - 11, -5*l - o = -a. What is the tens digit of l?
1
Let f(r) be the second derivative of r**5/20 + 3*r**4/4 + 2*r**3 - r**2 - 6*r. What is the units digit of f(-5)?
8
Let p(m) = m**3 + 14*m**2 + 17*m + 143. What is the hundreds digit of p(-8)?
3
What is the hundreds digit of (-4)/(1678/1682 - 1)?
6
Suppose -g + 65 + 65 = 0. Suppose r - g = -43. What is the tens digit of r?
8
Suppose 12*x = -2135 + 9191. What is the units digit of x?
8
Let c be 1/3 + (-85)/(-15). Let f(t) = -t**2 + 33*t - 7. Let n(w) = w**2 - 50*w + 10. Let m(b) = -8*f(b) - 5*n(b). What is the tens digit of m(c)?
3
Let j(s) = 20*s**2 - 3*s + 1. Suppose 0*k - 2 = -k. What is the units digit of j(k)?
5
Suppose 0 = -4*r - 4*u + 4860, -r + 3655 = 2*r - 2*u. What is the hundreds digit of r?
2
Suppose 6*j - 3 = 3. Suppose -z = -j - 2. Suppose z*l = 6*l + 4*x - 18, -3*x = l - 11. What is the units digit of l?
2
Suppose 0 = 4*k - 16, s - 4*k - 1809 = -4*s. What is the tens digit of s?
6
What is the units digit of -41672*21/(-2352) - (-1)/(-14)?
2
Let d = 1898 + -1032. What is the units digit of d?
6
Let d be (66/(-5))/((-12)/810*-9). Let k = d + 201. What is the hundreds digit of k?
1
Let f be 15 + -3 + -1 - -1. What is the tens digit of 1/4 + 225/f?
1
Suppose 4*m + 264 = 4*u, -4*u + 371 - 103 = -5*m. Let i = u + -13. What is the tens digit of i?
4
Suppose -17 - 3 = 2*u. Let m(w) = 13 + 10*w + 4*w**2 - 3*w**2 - 2 - w. What is the tens digit of m(u)?
2
Let s be 10/3*84/70. Let a(r) = -2 - r + 4*r**3 - 4*r**2 - 2*r**3 - 3*r. What is the units digit of a(s)?
6
What is the hundreds digit of (-3)/(9/942)*(-12)/12?
3
Let o be 4/(-16) + (-33055)/20. What is the units digit of o/(-9) + 4/(-6)?
3
Let u = 57 - -21. Suppose 3*n - 2*i - 157 = 0, -2*i + u = 2*n + 2*i. What is the units digit of n?
9
Suppose 2*j - 11 = o, -o - 9 = 2*o. Suppose 12*c - 8*c = j. What is the tens digit of (32 + -1)*c - 3?
2
Let d(v) = 0 - 2*v + 8*v + 2*v + 6. What is the units digit of d(6)?
4
Suppose -395*d + 402*d - 6664 = 0. What is the units digit of d?
2
Let k be (17/(-4))/(1/(-8)). Let g(w) = 22*w**2 + 3*w - 1. Let r be g(1). Let q = k - r. What is the units digit of q?
0
Let d(x) = -3*x**3 + 2*x**2 + 2*x + 6. What is the units digit of d(-6)?
4
Let l = 29 + -30. Let r be 0 + 1 + -3 - l. What is the tens digit of (0 - r - 4) + 65?
6
Let o(x) = 7*x**3 + 40*x**2 - 50*x + 46. Let i(k) = -3*k**3 - 20*k**2 + 25*k - 23. Let y(t) = 9*i(t) + 4*o(t). What is the units digit of y(19)?
1
Let j(x) = -x**2 - 3*x + 212. What is the units digit of j(-16)?
4
Let h(j) = -186*j - 27. Let i be h(-6). Suppose -2*y + 0*x - x + 547 = 0, -3*x = -4*y + i. What is the hundreds digit of y?
2
Suppose 834 - 18750 = -12*a. What is the thousands digit of a?
1
Let r be (-6)/(3 + (-21)/8). Let m = r - -19. Suppose 4*z - 5*h - 21 = 0, 0*h = m*z - h - 13. What is the units digit of z?
4
Let n be 322/10 - (-4)/5. Suppose z - n = 29. What is the tens digit of z?
6
Let y be (2/4)/(3/6). Suppose -y + 5 = -4*i. What is the tens digit of -5*i/(10/64)?
3
Suppose -5*q - 4*p = -3, -q + 5*p - 14 + 3 = 0. Let n = q - -4. What is the units digit of n?
3
Let h(c) = c + 4. Let n be -3 + 4 - (0 + 1). Let k be h(n). Suppose -8*a + 28 = -k*a. What is the units digit of a?
7
Let t(p) be the second derivative of 0 + 4*p + p**2 + 1/6*p**3. What is the units digit of t(5)?
7
Let j be (3/((-3)/11))/(2/(-10)). What is the units digit of (-2)/(-11) + 4445/j?
1
Suppose -3*k + 4 = -n, n + 0*n = 4*k - 8. Suppose 5*i - 21 = 3*u, 3 + n = 5*i + 2*u. Suppose -78 = -i*t - 27. What is the tens digit of t?
1
Let s(r) = 2*r**2 - 18*r + 12. What is the tens digit of s(9)?
1
Let c = 1806 - 309. What is the tens digit of c?
9
Let a(p) = p*